
{"id":2039,"date":"2025-07-10T02:07:22","date_gmt":"2025-07-10T00:07:22","guid":{"rendered":"https:\/\/h-2k.de\/?page_id=2039"},"modified":"2026-01-07T14:39:35","modified_gmt":"2026-01-07T13:39:35","slug":"aboud-me","status":"publish","type":"page","link":"https:\/\/h-2k.de\/?page_id=2039","title":{"rendered":"\u00dcber Mich"},"content":{"rendered":"\t\t<div data-elementor-type=\"wp-page\" data-elementor-id=\"2039\" class=\"elementor elementor-2039\">\n\t\t\t\t<div class=\"elementor-element elementor-element-8f3b3fc e-flex e-con-boxed e-con e-parent\" data-id=\"8f3b3fc\" data-element_type=\"container\">\n\t\t\t\t\t<div class=\"e-con-inner\">\n\t\t\t\t<div class=\"elementor-element elementor-element-446e7a9 elementor-widget elementor-widget-Gridos-Global-Widgets-About-Block\" data-id=\"446e7a9\" data-element_type=\"widget\" data-settings=\"{&quot;vlt_animated_widget_animation&quot;:&quot;none&quot;}\" data-widget_type=\"Gridos-Global-Widgets-About-Block.default\">\n\t\t\t\t<div class=\"elementor-widget-container\">\n\t\t\t\t\t\t\t\n\t\t<div class=\"about-me\">\n            <div id=\"w-node-e3e05751-2ea1-230e-ac9e-9116c48e2401-846cff30\" class=\"w-layout-layout about-me-2-col wf-layout-layout\">\n                <div id=\"w-node-e3e05751-2ea1-230e-ac9e-9116c48e2402-846cff30\" class=\"w-layout-cell _2-columns\">\n                    <div class=\"about-me-info\">\n                        <h1 class=\"inner-pages-main-title\">Svante Ecke<\/h1>\n                        <div class=\"title-blue-line\"><\/div>\n                        <div class=\"about-me-span\">Video Editor<\/div>\n                        <img decoding=\"async\" src=\"https:\/\/h-2k.de\/wp-content\/uploads\/2025\/07\/ich-2.png\" loading=\"lazy\" alt=\"about\" class=\"about-me-img\" \/>\n                    <\/div>\n                <\/div>\n                <div id=\"w-node-e3e05751-2ea1-230e-ac9e-9116c48e2403-846cff30\" class=\"w-layout-cell _2-columns\">\n                    <div class=\"about-me-text\">\n                        <img decoding=\"async\" src=\"https:\/\/h-2k.de\/wp-content\/themes\/gridos\/assets\/images\/circle.png\" loading=\"lazy\" data-w-id=\"e5ad8907-7dd0-6f80-4d27-a0b35591f00f\" alt=\"circle\" class=\"rotating-circle\" \/>\n                        <div class=\"about-me-description\">\n                            Hi, ich bin Svante. Schon seit ich denken kann faszinieren mich bewegte Bilder und ihre Wirkung. Mein Ziel ist es, mit jedem Schnitt und jeder Szene Bilder zu schaffen, die begeistern und im Kopf bleiben.                         <\/div>\n                    <\/div>\n                <\/div>\n            <\/div>\n        <\/div>\n    \n    \t\t\t\t<\/div>\n\t\t\t\t<\/div>\n\t\t\t\t\t<\/div>\n\t\t\t\t<\/div>\n\t\t<div class=\"elementor-element elementor-element-3707f96 e-flex e-con-boxed e-con e-parent\" data-id=\"3707f96\" data-element_type=\"container\">\n\t\t\t\t\t<div class=\"e-con-inner\">\n\t\t\t\t<div class=\"elementor-element elementor-element-a2c77ca elementor-widget elementor-widget-Gridos-Global-Widgets-Tools-Block\" data-id=\"a2c77ca\" data-element_type=\"widget\" data-settings=\"{&quot;vlt_animated_widget_animation&quot;:&quot;none&quot;}\" data-widget_type=\"Gridos-Global-Widgets-Tools-Block.default\">\n\t\t\t\t<div class=\"elementor-widget-container\">\n\t\t\t\t\t\t\t<div class=\"space-line\"><\/div>\n\t\t<div class=\"tools\">\n            <h1 class=\"inner-pages-main-title\">Software und Tools<\/h1>\n            <div class=\"title-blue-line\"><\/div>\n            <div class=\"space-line\"><\/div>\n            <div class=\"tools-images\">\n            \t                <div class=\"tools-item\">\n                    <div class=\"tools-item-text\">FinalCutProX<\/div>\n                    <img decoding=\"async\" src=\"https:\/\/h-2k.de\/wp-content\/uploads\/2025\/07\/fcp.png\" loading=\"lazy\" alt=\"tool\" class=\"tools-item-image\" \/>\n                <\/div>\n            \t                <div class=\"tools-item\">\n                    <div class=\"tools-item-text\">Apple Motion 5<\/div>\n                    <img decoding=\"async\" src=\"https:\/\/h-2k.de\/wp-content\/uploads\/2025\/07\/am5.png\" loading=\"lazy\" alt=\"tool\" class=\"tools-item-image\" \/>\n                <\/div>\n            \t                <div class=\"tools-item\">\n                    <div class=\"tools-item-text\">Captionator<\/div>\n                    <img decoding=\"async\" src=\"https:\/\/h-2k.de\/wp-content\/uploads\/2025\/07\/cap.png\" loading=\"lazy\" alt=\"tool\" class=\"tools-item-image\" \/>\n                <\/div>\n            \t                <div class=\"tools-item\">\n                    <div class=\"tools-item-text\">Photoshop<\/div>\n                    <img decoding=\"async\" src=\"https:\/\/h-2k.de\/wp-content\/uploads\/2024\/01\/photoshop.png\" loading=\"lazy\" alt=\"tool\" class=\"tools-item-image\" \/>\n                <\/div>\n            \t                <div class=\"tools-item\">\n                    <div class=\"tools-item-text\">Handbreak<\/div>\n                    <img decoding=\"async\" src=\"https:\/\/h-2k.de\/wp-content\/uploads\/2025\/07\/han.png\" loading=\"lazy\" alt=\"tool\" class=\"tools-item-image\" \/>\n                <\/div>\n            \t                <div class=\"tools-item\">\n                    <div class=\"tools-item-text\">Envato<\/div>\n                    <img decoding=\"async\" src=\"https:\/\/h-2k.de\/wp-content\/uploads\/2025\/07\/env.png\" loading=\"lazy\" alt=\"tool\" class=\"tools-item-image\" \/>\n                <\/div>\n            \t                <div class=\"tools-item\">\n                    <div class=\"tools-item-text\">OBS<\/div>\n                    <img decoding=\"async\" src=\"https:\/\/h-2k.de\/wp-content\/uploads\/2025\/07\/obs.png\" loading=\"lazy\" alt=\"tool\" class=\"tools-item-image\" \/>\n                <\/div>\n            \t                <div class=\"tools-item\">\n                    <div class=\"tools-item-text\">Parsec<\/div>\n                    <img decoding=\"async\" src=\"https:\/\/h-2k.de\/wp-content\/uploads\/2025\/07\/par.png\" loading=\"lazy\" alt=\"tool\" class=\"tools-item-image\" \/>\n                <\/div>\n            \t                <div class=\"tools-item\">\n                    <div class=\"tools-item-text\">Loom<\/div>\n                    <img decoding=\"async\" src=\"https:\/\/h-2k.de\/wp-content\/uploads\/2025\/07\/loom.png\" loading=\"lazy\" alt=\"tool\" class=\"tools-item-image\" \/>\n                <\/div>\n            \t                <div class=\"tools-item\">\n                    <div class=\"tools-item-text\">Freedcamp<\/div>\n                    <img decoding=\"async\" src=\"https:\/\/h-2k.de\/wp-content\/uploads\/2025\/07\/freed.png\" loading=\"lazy\" alt=\"tool\" class=\"tools-item-image\" \/>\n                <\/div>\n            \t                <div class=\"tools-item\">\n                    <div class=\"tools-item-text\">LexOffice<\/div>\n                    <img decoding=\"async\" src=\"https:\/\/h-2k.de\/wp-content\/uploads\/2025\/07\/lex.png\" loading=\"lazy\" alt=\"tool\" class=\"tools-item-image\" \/>\n                <\/div>\n            \t            <\/div>\n        <\/div>\n    \n    \t\t\t\t<\/div>\n\t\t\t\t<\/div>\n\t\t\t\t\t<\/div>\n\t\t\t\t<\/div>\n\t\t<div class=\"elementor-element elementor-element-402bb92 e-flex e-con-boxed e-con e-parent\" data-id=\"402bb92\" data-element_type=\"container\">\n\t\t\t\t\t<div class=\"e-con-inner\">\n\t\t\t\t<div class=\"elementor-element elementor-element-90ac4cc elementor-widget elementor-widget-Gridos-Global-Widgets-Award-Block\" data-id=\"90ac4cc\" data-element_type=\"widget\" data-settings=\"{&quot;vlt_animated_widget_animation&quot;:&quot;none&quot;}\" data-widget_type=\"Gridos-Global-Widgets-Award-Block.default\">\n\t\t\t\t<div class=\"elementor-widget-container\">\n\t\t\t\t\t\n        <div class=\"space-line\"><\/div>\n\n        <div class=\"awards\">\n            <h1 class=\"inner-pages-main-title\">Skills<\/h1>\n            <div class=\"title-blue-line\"><\/div>\n            <div class=\"w-layout-layout awarts-grid wf-layout-layout\">\n            \t                <div class=\"w-layout-cell award-cell\">\n                    <div class=\"award-item\">\n                        <h4 class=\"award-title\">Video Cutting<\/h4>\n                        <p class=\"award-text\">\n                            Pr\u00e4ziser Schnitt, um das Beste aus dem Rohmaterial herauszuholen und Emotionen zu transportieren.                        <\/p>\n                        <div class=\"award-year\">9 \/ 10<\/div>\n                    <\/div>\n                <\/div>\n                                <div class=\"w-layout-cell award-cell\">\n                    <div class=\"award-item\">\n                        <h4 class=\"award-title\">Color Correction<\/h4>\n                        <p class=\"award-text\">\n                            Farbkorrekturen, die Stimmung und Qualit\u00e4t des Bildes auf ein professionelles Niveau heben.                        <\/p>\n                        <div class=\"award-year\">8 \/ 10<\/div>\n                    <\/div>\n                <\/div>\n                                <div class=\"w-layout-cell award-cell\">\n                    <div class=\"award-item\">\n                        <h4 class=\"award-title\">Transitions<\/h4>\n                        <p class=\"award-text\">\n                            Kreative \u00dcberg\u00e4nge, die Szenen flie\u00dfend und dynamisch miteinander verbinden.                        <\/p>\n                        <div class=\"award-year\">9 \/ 10<\/div>\n                    <\/div>\n                <\/div>\n                                <div class=\"w-layout-cell award-cell\">\n                    <div class=\"award-item\">\n                        <h4 class=\"award-title\">Sound Design<\/h4>\n                        <p class=\"award-text\">\n                            Soundeffekte, Atmo und Musik, die das Video akustisch lebendig und emotional machen.                        <\/p>\n                        <div class=\"award-year\">8 \/ 10<\/div>\n                    <\/div>\n                <\/div>\n                                <div class=\"w-layout-cell award-cell\">\n                    <div class=\"award-item\">\n                        <h4 class=\"award-title\">Captions<\/h4>\n                        <p class=\"award-text\">\n                            Saubere Untertitel und Textanimationen f\u00fcr maximale Verst\u00e4ndlichkeit und Wirkung.                         <\/p>\n                        <div class=\"award-year\">8 \/ 10<\/div>\n                    <\/div>\n                <\/div>\n                                <div class=\"w-layout-cell award-cell\">\n                    <div class=\"award-item\">\n                        <h4 class=\"award-title\">Title Edits<\/h4>\n                        <p class=\"award-text\">\n                            Titelgestaltung, die den Look des Videos unterstreicht und die Message klar macht.                        <\/p>\n                        <div class=\"award-year\">9 \/ 10<\/div>\n                    <\/div>\n                <\/div>\n                                <div class=\"w-layout-cell award-cell\">\n                    <div class=\"award-item\">\n                        <h4 class=\"award-title\">Dramaturgie<\/h4>\n                        <p class=\"award-text\">\n                            Spannungsaufbau und Storytelling f\u00fcr Videos, die von Anfang bis Ende fesseln.                        <\/p>\n                        <div class=\"award-year\">7 \/ 10<\/div>\n                    <\/div>\n                <\/div>\n                                <div class=\"w-layout-cell award-cell\">\n                    <div class=\"award-item\">\n                        <h4 class=\"award-title\">Motion Graphics<\/h4>\n                        <p class=\"award-text\">\n                            Animierte Grafiken, die Informationen visuell ansprechend transportieren.                        <\/p>\n                        <div class=\"award-year\">3 \/ 10<\/div>\n                    <\/div>\n                <\/div>\n                                <div class=\"w-layout-cell award-cell\">\n                    <div class=\"award-item\">\n                        <h4 class=\"award-title\">Speed Ramps<\/h4>\n                        <p class=\"award-text\">\n                            Kreative Geschwindigkeits\u00e4nderungen, die Szenen mehr Energie und Dramatik verleihen.                        <\/p>\n                        <div class=\"award-year\">8 \/ 10<\/div>\n                    <\/div>\n                <\/div>\n                                <div class=\"w-layout-cell award-cell\">\n                    <div class=\"award-item\">\n                        <h4 class=\"award-title\">Tempo &amp; Rhythmusgef\u00fchl<\/h4>\n                        <p class=\"award-text\">\n                            Ein Gesp\u00fcr f\u00fcr Timing und Takt, um Bilder und Musik aufeinander abzustimmen.                        <\/p>\n                        <div class=\"award-year\">8 \/ 10<\/div>\n                    <\/div>\n                <\/div>\n                                <div class=\"w-layout-cell award-cell\">\n                    <div class=\"award-item\">\n                        <h4 class=\"award-title\">Multicam Editing<\/h4>\n                        <p class=\"award-text\">\n                            Souver\u00e4ner Schnitt von Mehrkamera-Produktionen f\u00fcr dynamische und abwechslungsreiche Videos.                        <\/p>\n                        <div class=\"award-year\">9 \/ 10<\/div>\n                    <\/div>\n                <\/div>\n                                <div class=\"w-layout-cell award-cell\">\n                    <div class=\"award-item\">\n                        <h4 class=\"award-title\">Client Communication<\/h4>\n                        <p class=\"award-text\">\n                            Klare und professionelle Kommunikation mit Kunden f\u00fcr reibungslose Abl\u00e4ufe und gute Ergebnisse.                        <\/p>\n                        <div class=\"award-year\">8 \/ 10<\/div>\n                    <\/div>\n                <\/div>\n                                <div class=\"w-layout-cell award-cell\">\n                    <div class=\"award-item\">\n                        <h4 class=\"award-title\">Live Regie Schnit<\/h4>\n                        <p class=\"award-text\">\n                            Live-Schnitt und Regie mit Blick f\u00fcr Timing, Story und Bildkomposition.                        <\/p>\n                        <div class=\"award-year\">9 \/ 10<\/div>\n                    <\/div>\n                <\/div>\n                                <div class=\"w-layout-cell award-cell\">\n                    <div class=\"award-item\">\n                        <h4 class=\"award-title\">Live Szenenaufbau<\/h4>\n                        <p class=\"award-text\">\n                            Gestaltung und technischer Aufbau von Liveszenen in OBS mit kreativer Bildregie.                        <\/p>\n                        <div class=\"award-year\">8 \/ 10<\/div>\n                    <\/div>\n                <\/div>\n                                <div class=\"w-layout-cell award-cell\">\n                    <div class=\"award-item\">\n                        <h4 class=\"award-title\">Live \u00dcbertragungstechnik<\/h4>\n                        <p class=\"award-text\">\n                            Technisches Know-how f\u00fcr stabile Live-Streams und Remote-Produktionen.                        <\/p>\n                        <div class=\"award-year\">9,5 \/ 10<\/div>\n                    <\/div>\n                <\/div>\n                                <div class=\"w-layout-cell award-cell\">\n                    <div class=\"award-item\">\n                        <h4 class=\"award-title\">Technical Troubleshooting<\/h4>\n                        <p class=\"award-text\">\n                            Ruhig und l\u00f6sungsorientiert Probleme beheben \u2013 auch unter Druck und live.                        <\/p>\n                        <div class=\"award-year\">8,5 \/ 10<\/div>\n                    <\/div>\n                <\/div>\n                            <\/div>\n        <\/div>\n    \n    \t\t\t\t<\/div>\n\t\t\t\t<\/div>\n\t\t\t\t\t<\/div>\n\t\t\t\t<\/div>\n\t\t<div class=\"elementor-element elementor-element-2238260 e-flex e-con-boxed e-con e-parent\" data-id=\"2238260\" data-element_type=\"container\">\n\t\t\t\t\t<div class=\"e-con-inner\">\n\t\t\t\t\t<\/div>\n\t\t\t\t<\/div>\n\t\t\t\t<\/div>\n\t\t","protected":false},"excerpt":{"rendered":"<p>Svante Ecke Video Editor Hi, ich bin Svante. Schon seit ich denken kann faszinieren mich bewegte Bilder und ihre Wirkung. Mein Ziel ist es, mit jedem Schnitt und jeder Szene Bilder zu schaffen, die begeistern und im Kopf bleiben. Software und Tools FinalCutProX Apple Motion 5 Captionator Photoshop Handbreak Envato OBS Parsec Loom Freedcamp LexOffice <\/p>\n","protected":false},"author":1,"featured_media":0,"parent":0,"menu_order":0,"comment_status":"closed","ping_status":"closed","template":"","meta":{"_themeisle_gutenberg_block_has_review":false,"footnotes":""},"class_list":["post-2039","page","type-page","status-publish","hentry"],"acf":[],"_links":{"self":[{"href":"https:\/\/h-2k.de\/index.php?rest_route=\/wp\/v2\/pages\/2039","targetHints":{"allow":["GET"]}}],"collection":[{"href":"https:\/\/h-2k.de\/index.php?rest_route=\/wp\/v2\/pages"}],"about":[{"href":"https:\/\/h-2k.de\/index.php?rest_route=\/wp\/v2\/types\/page"}],"author":[{"embeddable":true,"href":"https:\/\/h-2k.de\/index.php?rest_route=\/wp\/v2\/users\/1"}],"replies":[{"embeddable":true,"href":"https:\/\/h-2k.de\/index.php?rest_route=%2Fwp%2Fv2%2Fcomments&post=2039"}],"version-history":[{"count":13,"href":"https:\/\/h-2k.de\/index.php?rest_route=\/wp\/v2\/pages\/2039\/revisions"}],"predecessor-version":[{"id":2206,"href":"https:\/\/h-2k.de\/index.php?rest_route=\/wp\/v2\/pages\/2039\/revisions\/2206"}],"wp:attachment":[{"href":"https:\/\/h-2k.de\/index.php?rest_route=%2Fwp%2Fv2%2Fmedia&parent=2039"}],"curies":[{"name":"wp","href":"https:\/\/api.w.org\/{rel}","templated":true}]}}